 of h and 91.
7
Let b = -104 + 116. Suppose -7*v = -b*v + 30. Calculate the highest common divisor of v and 6.
6
Let t(j) = -13*j**2 + 1742*j + 18. Let d be t(134). What is the greatest common factor of d and 576?
18
Let l(w) = 40*w - 5. Let k be l(6). Suppose 78*b + 5*b - 570 = -31*b. What is the greatest common factor of k and b?
5
Suppose -4*b = -68 - 47 - 1. What is the greatest common factor of 13485 and b?
29
Suppose 5558 = -54*r + 68*r. Let z = r + -346. What is the greatest common divisor of z and 136?
17
Let m = -40 + 46. Let p be (-28)/(-3)*9/m. Let f be ((-539)/p)/(2/(-4)). Calculate the highest common factor of 11 and f.
11
Let h = 8074 - 5949. Calculate the highest common divisor of 17 and h.
17
Let q(h) = 2*h - 9. Let p be q(6). Suppose 2*l = 3*k + 680, -4*k = -p*l + k + 1019. What is the greatest common factor of l and 49?
49
Suppose 6*n - 192*j - 610 = -197*j, -4*j = -8. Suppose 0 = -2*l - 4*v + 148, 5*l + v = -0*v + 397. What is the highest common factor of l and n?
20
Let p = 125 + 73. Let c = -164 + p. Calculate the highest common factor of 544 and c.
34
Let k(j) be the third derivative of j**4/6 + 6*j**2. Let v be k(10). Suppose 15*t - 14*t = v. Calculate the highest common divisor of 5 and t.
5
Let f be 2/25 - 19/5*1953/(-45). Calculate the greatest common divisor of f and 715.
55
Let z(d) = -175 + 2*d**3 - d**3 + 10*d**2 + 12*d + 158. Let u be z(-8). Suppose 2*r = 11 + 1. What is the greatest common divisor of r and u?
3
Let s(v) = -729*v - 16. Let a be s(-1). Suppose 0 = -23*y + a + 46. Calculate the greatest common divisor of y and 143.
11
Let q be 3924/5 + -1 - 24/30. Calculate the greatest common factor of 58 and q.
29
Let p = -36 - -92. Suppose -5*o + 34 = -p. Let d = 1195 + -1177. What is the highest common factor of d and o?
18
Suppose -7*f = -8*f + 4. Suppose -4*m - 2*z = 3*z - 3, f*z = -5*m + 15. Let a be -4 + 3 + m - -2. Calculate the highest common factor of a and 8.
8
Let m be ((-4)/12)/((-11)/1320 - 0). Calculate the greatest common divisor of m and 1720.
40
Let p(i) = -i**2 + 11*i - 3. Let r be p(0). Let j be ((-2)/8*r)/(7/84). What is the greatest common factor of 2 and j?
1
Suppose 97 = -26*v + 773. Let x = -66 + 118. What is the highest common divisor of v and x?
26
Let t be -114*11/(-528)*(-1 - -9). Calculate the highest common factor of t and 26467.
19
Let n be (33/18*-2)/((-56)/3528). Calculate the greatest common factor of n and 275.
11
Let q = 3125 - 3048. What is the highest common divisor of 847 and q?
77
Let t be (-15)/40*8 - -5137. Calculate the greatest common divisor of t and 17.
17
Let f be (-46)/(-6) + (-9)/(-216)*8. Let b = 125 + -37. What is the greatest common factor of b and f?
8
Suppose -113*l - 72 = -122*l. Suppose l*d + 8 = 72. What is the highest common divisor of d and 148?
4
Let d = 57 + -60. Let s be 68 + (-10 + -2)/d. Calculate the greatest common factor of 18 and s.
18
Let x = -172 + 176. Let y be 3 + -3 - -46*(x - -2). What is the highest common divisor of y and 12?
12
Let h(r) = -2*r**3 + 10*r**2 + 10*r + 19. Let n be h(6). Let p(f) = 53*f + 14. Let l be p(n). Calculate the greatest common divisor of l and 55.
55
Let z = -2674 + 3629. What is the highest common factor of z and 5?
5
Let p(j) = j**2 + 19*j + 105. Suppose 4*m = -5*g - 67, -14*m - 3*g = -12*m + 35. Let s be p(m). What is the greatest common factor of s and 54?
27
Suppose 40 = 2*g + 238. Let t = g - -100. Calculate the highest common factor of t and 25.
1
Let m be (543/2)/3 - 1/(31 - 29). What is the greatest common factor of 1200 and m?
30
Let x(d) = 57*d - 1802. Let y be x(32). Calculate the greatest common divisor of y and 15730.
22
Let g(v) = 15*v**2 - v - 1. Let h be g(2). Let p be 360/(-525)*-56 + 2/(-5). What is the greatest common factor of h and p?
19
Let f(g) = 3*g**2 + 24*g + 231. Let u(p) = -5*p**2 - 36*p - 347. Let h(t) = -8*f(t) - 5*u(t). Let b be h(-9). Calculate the greatest common factor of 76 and b.
76
Let b(g) = -35 - 2*g - g**2 - 6*g**2 + 34. Let u be b(-2). Let m = u - -32. What is the greatest common factor of 7 and m?
7
Let h(q) = q**2 + 8*q. Let x be h(-8). Let y be (-12 + x)/(-7 + 6). Let u(n) = -n**2 - 5*n + 12. Let j be u(-5). What is the highest common divisor of j and y?
12
Let l = -6656 + 6662. Let i = -9 - -9. Suppose i = 2*a - 5*v - 12, 2*a - 24 = -2*a + 5*v. Calculate the greatest common factor of a and l.
6
Let z be (-12495)/(-85) - 1*9. What is the highest common factor of z and 2553?
69
Let f be 2/(-9 + -1) - 13310/(-550). Let b(c) = 5*c + 72. Let q be b(f). Calculate the greatest common factor of 12 and q.
12
Suppose 316 = d - 47. Suppose -4*p + d = -57. Suppose 4*k = -4*h + 132, h + h + 39 = k. What is the highest common divisor of k and p?
35
Let v = 38 + -18. Let f(u) = 280*u**2 - 4*u + 4. Let b be f(1). What is the highest common divisor of v and b?
20
Let j = -24 - -15. Let c = -5 - j. Suppose 2*w - 88*p - 25 = -89*p, 2*w + 4*p = 4. Calculate the greatest common factor of w and c.
4
Let p be (-254)/2159 + 682/17 + 0. Calculate the highest common divisor of p and 65.
5
Let c = 166 + -138. Let a be 8/c - ((-8420)/28 + 5). Calculate the greatest common factor of a and 8.
8
Suppose 0 = -5*d, -9*j - 3*d = -3*j - j - 47530. What is the highest common factor of 588 and j?
98
Let z = -9750 - -9760. What is the highest common factor of z and 2445?
5
Suppose 100022 = -159*q + 129849 + 127901. What is the greatest common divisor of q and 31?
31
Let o be (-7 - -8)/((-1)/(-67)). Let i = -42 + o. What is the highest common divisor of i and 50?
25
Suppose 0 = 18*p + 14*p - 128. What is the greatest common factor of p and 148?
4
Let i = 4123 + -3968. Calculate the greatest common divisor of 1085 and i.
155
Suppose 30025*m = 30026*m - 210. What is the greatest common factor of 378 and m?
42
Let r = 417 + -407. Suppose 3*t = -4*p + 1499, -r*p + 3*t + 1894 = -5*p. What is the greatest common divisor of 29 and p?
29
Suppose 41*v - 1575 = -22*v. Suppose -5*c + 225 = 2*u, 5 = -5*c - 20. Calculate the greatest common divisor of v and u.
25
Suppose 5*t = 2*r - 18, -2*r + 0*r = -3*t - 26. Let v = -9525 + 9772. What is the highest common divisor of v and r?
19
Let j = -78 - -103. Suppose 25*d = 6*d + 950. Calculate the greatest common factor of d and j.
25
Suppose 132*z - 36158 = 407580 + 4666. Calculate the highest common divisor of 316 and z.
79
Suppose -3*g = -3*h + 6, -9*g + 6*g = -5*h + 10. Let t be 24/(-60)*(g - 5). What is the greatest common divisor of 86 and t?
2
Let k be 0 + (-15)/((-210)/17024). What is the greatest common divisor of 19 and k?
19
Suppose 215*v + 10978 = 4*r + 213*v, 2713 = r - 5*v. Calculate the greatest common factor of 18 and r.
6
Let v(o) = o**2 + 11*o. Let k be v(-11). Suppose -2*l + 1160 + 1450 = k. Suppose -m = 4*m - l. Calculate the highest common factor of 29 and m.
29
Let i = 859 - 752. Let q = 157 - i. Let d be (1 + -4)/(9/(-30)). What is the greatest common divisor of d and q?
10
Suppose 20*m - 21*m - 3*a - 8157 = 0, a + 32661 = -4*m. Let o be 5/(-25) + m/(-30). What is the highest common divisor of 34 and o?
34
Suppose -w + 57 = 2*n, 7*w = 11*w - 5*n - 163. Calculate the highest common divisor of w and 3807.
47
Let c be 1 + -5 + 4 - 0 - 0. Suppose -6*n + 1114 = -n - 3*v, n - 5*v - 214 = c. Calculate the highest common divisor of n and 14.
14
Let f = -4009 + 4194. What is the highest common factor of 2923 and f?
37
Let x(t) = 101*t - 1079. Let d be x(12). Let z = 34 - 15. What is the greatest common factor of z and d?
19
Suppose 0 = -m - 2*p + 28, 79*m - 81*m - 5*p = -46. Let q(h) = -1 - 2*h - h + 4*h. Let t be q(4). What is the greatest common divisor of t and m?
3
Suppose 0 = 5*a + 5*g - 315, -518*a + 4*g = -523*a + 307. What is the greatest common factor of a and 410?
5
Suppose 100*r - 102882 = -33182. What is the highest common divisor of r and 629?
17
Let u(j) = j - 15. Suppose 0 = -242*p + 235*p + 196. Let w be u(p). What is the greatest common divisor of w and 325?
13
Let m be 1005 + 10*(-18*4/20 + 3). What is the highest common factor of 2553 and m?
111
Suppose 167*y - 194*y + 540 = 0. Let g(v) be the first derivative of -v**2 + 2. Let c be g(-4). What is the highest common factor of c and y?
4
Let d = -7334 - -10034. Calculate the greatest common f